is the hundreds digit of 44722?
7
What is the hundreds digit of 17103?
1
What is the thousands digit of 7011?
7
What is the tens digit of 115721?
2
What is the tens digit of 638?
3
What is the units digit of 35630?
0
What is the hundreds digit of 28191?
1
What is the hundreds digit of 87763?
7
What is the hundreds digit of 8287?
2
What is the thousands digit of 70321?
0
What is the tens digit of 1356?
5
What is the thousands digit of 6352?
6
What is the units digit of 11970?
0
What is the ten thousands digit of 13894?
1
What is the tens digit of 15894?
9
What is the thousands digit of 57291?
7
What is the thousands digit of 70354?
0
What is the tens digit of 11054?
5
What is the tens digit of 2093?
9
What is the hundreds digit of 189?
1
What is the tens digit of 4611?
1
What is the tens digit of 18748?
4
What is the tens digit of 2221?
2
What is the hundreds digit of 8966?
9
What is the tens digit of 3102?
0
What is the tens digit of 37865?
6
What is the thousands digit of 62839?
2
What is the thousands digit of 2653?
2
What is the tens digit of 67435?
3
What is the thousands digit of 37315?
7
What is the units digit of 4665?
5
What is the tens digit of 1567?
6
What is the ten thousands digit of 11301?
1
What is the units digit of 1256?
6
What is the units digit of 949?
9
What is the tens digit of 2825?
2
What is the units digit of 38151?
1
What is the ten thousands digit of 45051?
4
What is the tens digit of 1091?
9
What is the thousands digit of 2856?
2
What is the tens digit of 11719?
1
What is the units digit of 1993?
3
What is the thousands digit of 51386?
1
What is the thousands digit of 39425?
9
What is the hundreds digit of 12221?
2
What is the units digit of 286?
6
What is the units digit of 1199?
9
What is the thousands digit of 91526?
1
What is the thousands digit of 32317?
2
What is the hundreds digit of 6275?
2
What is the tens digit of 10263?
6
What is the hundreds digit of 532?
5
What is the tens digit of 1244?
4
What is the units digit of 624?
4
What is the tens digit of 7324?
2
What is the units digit of 56170?
0
What is the tens digit of 1696?
9
What is the units digit of 377?
7
What is the hundreds digit of 549?
5
What is the ten thousands digit of 47891?
4
What is the hundreds digit of 179076?
0
What is the tens digit of 2746?
4
What is the hundreds digit of 1153?
1
What is the tens digit of 12121?
2
What is the tens digit of 7549?
4
What is the hundreds digit of 36353?
3
What is the thousands digit of 74565?
4
What is the units digit of 740?
0
What is the units digit of 10085?
5
What is the ten thousands digit of 14027?
1
What is the ten thousands digit of 44444?
4
What is the hundreds digit of 15763?
7
What is the hundreds digit of 1730?
7
What is the ten thousands digit of 91802?
9
What is the hundreds digit of 1141?
1
What is the units digit of 2458?
8
What is the hundreds digit of 59652?
6
What is the units digit of 9052?
2
What is the ten thousands digit of 98922?
9
What is the units digit of 8594?
4
What is the thousands digit of 36137?
6
What is the units digit of 6057?
7
What is the thousands digit of 17995?
7
What is the tens digit of 3153?
5
What is the hundreds digit of 18997?
9
What is the units digit of 208?
8
What is the thousands digit of 2067?
2
What is the units digit of 1127?
7
What is the tens digit of 84423?
2
What is the units digit of 4962?
2
What is the units digit of 5209?
9
What is the tens digit of 10586?
8
What is the hundreds digit of 13714?
7
What is the thousands digit of 32396?
2
What is the hundreds digit of 4220?
2
What is the tens digit of 20870?
7
What is the thousands digit of 2686?
2
What is the tens digit of 89339?
3
What is the units digit of 1790?
0
What is the thousands digit of 69723?
9
What is the hundreds digit of 447?
4
What is the units digit of 291?
1
What is the tens digit of 491?
9
What is the tens digit of 34430?
3
What is the ten thousands digit of 10701?
1
What is the tens digit of 1959?
5
What is the thousands digit of 5659?
5
What is the ten thousands digit of 48985?
4
What is the thousands digit of 154491?
4
What is the tens digit of 3185?
8
What is the tens digit of 42485?
8
What is the hundreds digit of 202?
2
What is the ten thousands digit of 66350?
6
What is the thousands digit of 2172?
2
What is the thousands digit of 1172?
1
What is the tens digit of 923?
2
What is the thousands digit of 64594?
4
What is the tens digit of 204?
0
What is the tens digit of 114214?
1
What is the hundreds digit of 3704?
7
What is the units digit of 969?
9
What is the units digit of 4168?
8
What is the units digit of 1333?
3
What is the hundreds digit of 8457?
4
What is the thousands digit of 2494?
2
What is the thousands digit of 4512?
4
What is the units digit of 1650?
0
What is the tens digit of 5034?
3
What is the tens digit of 1236?
3
What is the hundreds digit of 4915?
9
What is the hundreds digit of 7180?
1
What is the units digit of 29644?
4
What is the tens digit of 5347?
4
What is the hundreds digit of 13466?
4
What is the tens digit of 1537?
3
What is the tens digit of 3904?
0
What is the ten thousands digit of 40457?
4
What is the thousands digit of 4409?
4
What is the hundreds digit of 208?
2
What is the tens digit of 11567?
6
What is the units digit of 27457?
7
What is the units digit of 55512?
2
What is the units digit of 91?
1
What is the tens digit of 62728?
2
What is the units digit of 2734?
4
What is the hundreds digit of 17071?
0
What is the thousands digit of 2005?
2
What is the thousands digit of 6828?
6
What is the tens digit of 18845?
4
What is the tens digit of 14002?
0
What is the tens digit of 862?
6
What is the hundreds digit of 49031?
0
What is the thousands digit of 6491?
6
What is the tens digit of 1492?
9
What is the tens digit of 5338?
3
What is the units digit of 56635?
5
What is the units digit of 1626?
6
What is the units digit of 1292?
2
What is the units digit of 928?
8
What is the hundreds digit of 305?
3
What is the units digit of 25711?
1
What is the thousands digit of 35637?
5
What is the units digit of 2756?
6
What is the hundreds digit of 68138?
1
What is the units digit of 11864?
4
What is the units digit of 7491?
1
What is the units digit of 12305?
5
What is the thousands digit of 7502?
7
What is the ten thousands digit of 34358?
3
What is the tens digit of 9544?
4
What is the tens digit of 1104?
0
What is the ten thousands digit of 37102?
3
What is the tens digit of 954?
5
What is the tens digit of 84?
8
What is the ten thousands digit of 75835?
7
What is the units digit of 730?
0
What is the units digit of 1785?
5
What is the units digit of 2680?
0
What is the units digit of 432?
2
What is the units digit of 4194?
4
What is the hundreds digit of 162?
1
What is the tens digit of 393?
9
What is the tens digit of 578?
7
What is the hundreds digit of 65077?
0
What is the hundreds digit of 9446?
4
What is the hundreds digit of 21724?
7
What is the tens digit of 23513?
1
What is the tens digit of 1105?
0
What is the hundreds digit of 2502?
5
What is the thousands digit of 4025?
4
What is the units digit of 18205?
5
What is the thousands digit of 2744?
2
What is the tens digit of 14579?
7
What is the units digit of 43392?
2
What is the hundreds digit of 742?
7
What is the thousands digit of 29448?
9
What is the units digit of 42880?
0
What is the hundreds digit of 124802?
8
What is the tens digit of 1467?
6
What is the thousands digit of 1536?
1
What is the units digit of 125?
5
What is the tens digit of 35911?
1
What is the hundreds digit of 709?
7
What is the hundreds digit of 59381?
3
What is the thousands digit of 1626?
1
What is the ten thousands digit of 27150?
2
What is the tens digit of 438?
3
What is the tens digit of 183?
8
What is the hundreds digit of 1875?
8
What is the thousands digit of 2117?
2
What is the units digit of 61265?
5
What is the units digit of 11520?
0
What is the units digit of 2278?
8
What is the tens digit of 148879?
7
What is the tens digit of 20685?
8
What is the hundreds digit of 3072?
0
What is the units digit of 1802?
2
What is the thousands digit of 8058?
8
What is the tens digit of 6099?
9
What is the hundreds digit of 1636?
6
What is the hundreds digit of 6124?
1
What is the units digit of 44216?
6
W